 9. Let u be p(6). Let l(b) = -b + 4. Let j(x) = -x - 10 - x + 2 + 3*x. Let d(m) = -2*j(m) - 5*l(m). Determine d(u).
5
Let x = 2 - 8. Let n = x + 4. Let s(j) = j. What is s(n)?
-2
Let q be -3*13/(-3) - 5. Let s(w) = w**2 - 9*w + 4. Determine s(q).
-4
Let c(v) = -4*v**3 - v**2 - 8*v + 1. Let s(q) = -3*q**3 - q**2 - 7*q. Let a(m) = 4*c(m) - 5*s(m). Calculate a(3).
-5
Let x(b) = -b**3 + 6*b**2 - b + 1. Let d be x(6). Let v = -24 - -16. Let q = v - d. Let w(j) = -j**2 - 5*j - 1. Determine w(q).
5
Let i(b) = -7*b**3 - b - 1. Let o be i(-1). Let l(p) = 4*p + 10*p - 15*p - 1 - o*p**2. Determine l(-1).
-7
Suppose -18 = -3*k - 3*j, -4*k + 24 = -j - j. Let o(q) = -q**3 + 7*q**2 - 7*q - 1. What is o(k)?
-7
Suppose 0 = r + b - 6, -r + 5*b = b + 19. Let k(l) = -3 - 5*l - r - 7*l**2 - l**3 + 2*l**2. Calculate k(-4).
0
Let i(g) = -g**3 + 3*g**2 - 3*g. Let d be ((-1)/(-3))/(7/42). Determine i(d).
-2
Let b be (-2 - 1) + 5 + -2. Let c(w) = b - 3 + 6 - 4*w - 1. What is c(2)?
-6
Let x(l) = 6*l + 3. Let j be x(-2). Let n be (-1)/((-24)/j + -3). Let z(u) = -2*u + 4. Calculate z(n).
-2
Let u(i) = -i**2 - 5*i - 5. Suppose -20 = 5*m, -14 = s + 2*m - 1. Determine u(s).
-5
Let h(j) be the third derivative of j**5/60 + j**4/24 - 16*j**2. Determine h(-3).
6
Let l(c) = -c + 1. Let t(j) = 3*j**2 + 9*j - 9. Let o(x) = 9*l(x) + t(x). Let a(u) = -15*u + 14. Let q be a(1). Give o(q).
3
Let w(v) = -v**2 + v - 2. Let k(g) be the second derivative of 0 - 4/3*g**3 - g - 7/2*g**2 + 1/12*g**4. Let b be k(9). Determine w(b).
-4
Let q be (-36)/30*(1 + 69/(-9)). Let b(o) = -o + 9. Calculate b(q).
1
Let b = -64 + 60. Let g(z) = z**2 + 7*z + 1. What is g(b)?
-11
Let o(d) = -d**2 - 4*d. Suppose -5*b - 135 - 1665 = 0. Let x be b/26 - (-4)/(-26). Let j = x - -10. Calculate o(j).
0
Let s be 22/5 - (-4)/(-10). Suppose 0 - s = -2*d. Let l(z) = -z + 6*z**2 + 0*z - 6*z**3 - 4*z**d. Give l(1).
-5
Let g(y) = y**2 - 4*y - 3. Let j = 55 - 80. Let c = -19 - j. What is g(c)?
9
Let q(h) = -h**3 - 8*h**2 - 7*h - 1. Let x(p) = p**3 + 10*p**2 + 9*p - 12. Let v be x(-9). Let m = v + 5. Determine q(m).
-1
Suppose a - 1 = 2*i + 4*a, 4*a + 7 = 3*i. Let z(k) = -11*k**2 - 2*k + 1. Give z(i).
-12
Suppose -2 = -4*j + 18. Let w be (j/(5/3))/(-1). Let c(t) = -t**2 - 6*t - 1. Calculate c(w).
8
Let y be (-1)/(-4)*-2*-4. Let u(b) = -b**2 + 6*b**2 + 0*b**y - 1. Let n be (2/(-6))/((-1)/3). Determine u(n).
4
Let s(y) = -y**3 - 6*y**2 - 5*y - 2. Let o = 6 + -8. Let j(r) = -4*r - 3. Let m be j(o). Suppose -h = 3*c + 18, m = -2*c + 5*h + 10. Determine s(c).
-2
Let o(r) = 19*r - 41*r + 1 + r**3 + 22*r - 4*r**2. Calculate o(3).
-8
Suppose -15 = 4*c - 9*c. Let j(t) = -t**3 + 5*t**2 + 2*t. Let q(g) = 2*g**3 - 5*g**2 - g - 1. Let y(m) = c*j(m) + 2*q(m). Determine y(-4).
-2
Let l(q) = 3*q - 6. Suppose -3*m + 0*m + 3 = 0. Let y = 3 + m. Calculate l(y).
6
Let q(s) be the first derivative of -5*s**2/2 + s + 4. Calculate q(-1).
6
Suppose 7*f = 5*f + 4. Let l(w) = w**3 + 3*w**2 - w. Give l(f).
18
Let r(l) = -10*l**2 - 2*l + 9*l**2 - 133 + 138. Give r(-5).
-10
Suppose 5*z - 25 = 0, -h = -4*z + 19 - 1. Let j(g) = -3 - 5*g**2 - 4*g - h + 4*g**2 + 4. Determine j(-5).
-6
Suppose 0 = 8*z - 19*z. Let q(t) be the second derivative of t**4/12 + t**3/6 - 5*t**2/2 + t. What is q(z)?
-5
Suppose v + 3*m = -1, -2 = -3*v + m + 5. Let l(o) = -4 - o**2 - v - o + 0*o. What is l(0)?
-6
Let m(j) be the first derivative of -j**2 - 3*j + 6. Suppose -l = 4*r + 8, 5*l - 5*r + 17 = -2*r. What is m(l)?
5
Let r(j) be the third derivative of j**4/24 + 5*j**3/6 - 7*j**2. What is r(-4)?
1
Suppose 0 = -0*v - v + 2. Suppose 0*d + 6 = v*d. Let s(i) = i**2 - 2*i. Calculate s(d).
3
Let w be 39/156 - 13/4. Let p(q) = 2*q - 5. Let s(y) = -10*y + 24. Let k(h) = 14*p(h) + 3*s(h). What is k(w)?
8
Let s(v) be the second derivative of -v**4/12 - 5*v**3/6 + v**2 - v. Let z be (2/(-6))/(2/30). Give s(z).
2
Let n(q) = q**2 + 6 + 6 - 7 + 6*q. Give n(-5).
0
Let s(i) = 7*i + 7. Let p be 4*(2 + (-39)/12). Let q(v) = 8*v + 8. Let z(m) = p*q(m) + 6*s(m). Give z(-4).
-6
Let i(y) = 4. Let q(f) = f + 9. Let t(x) = -5*i(x) + 2*q(x). Suppose -2*m = -3*m + 3*l - 13, -3*l + 9 = -3*m. Calculate t(m).
2
Let x(w) = 2*w + 4 - 2 + 4 - 4*w. Suppose 2*b + q - 9 = -0*b, 5*b - 45 = 5*q. Calculate x(b).
-6
Suppose -2*w - 1 = -5. Let g(q) = q + 2. Determine g(w).
4
Let v(a) = -a**3 + a**2 + a - 2. Let g(r) = r**3 - 2*r**2 - 3*r + 4. Let c be g(3). Suppose m = -m + c. Calculate v(m).
-4
Let n be 2 + (-66)/8 + 1/4. Let v(h) = -h**2 - 5*h + 7. Determine v(n).
1
Suppose 0*s + s = 1. Suppose -2*u = s - 5. Let j(k) = -4 + u*k - 3 + 2. Determine j(5).
5
Suppose -10*z - 6 = -7*z. Let s(k) = 5*k**2 + 3*k + 2. Give s(z).
16
Suppose 0 = -3*r, -3*r - 6 = 3*i - 0. Let o be (8/(-4))/(-1 - i). Let q be (-4)/(-2) - (8 + o). Let z(f) = -f**2 - 2*f + 4. What is z(q)?
-4
Let f(l) = 618*l**2 - 619*l**2 + 6 + l + 0*l. What is f(0)?
6
Let l(j) = j**3 - j**2 - 1. Let g(s) = -2*s**3 - s**2 + s + 2. Let p(u) = -g(u) - l(u). Give p(2).
13
Suppose 0 = l - 6*l - 55. Let c(d) = -8*d + 18. Let i(o) = 3*o - 6. Let r(g) = l*i(g) - 4*c(g). What is r(0)?
-6
Let r(h) = 12*h + 3*h**2 + 14 - 3*h**2 + h**2. Let q be r(-10). Let t(w) = w**3 + 7*w**2 + 5*w + 5. Calculate t(q).
11
Let h = 5 - 3. Let n = 4 - h. Let w(p) = -1 - 6 + n - p. Calculate w(-4).
-1
Let u(i) = 13*i + 10. Let c(t) = -t**2 - 1. Let p(d) = c(d) - u(d). Let q be p(-12). Let g(r) = -5*r**3 - r**2 + r. Determine g(q).
-5
Suppose 4 = -s + 3. Let q be (-1)/(2*(-1)/6). Let w(d) = 7*d**3 - 4*d**2. Let t(p) = -15*p**3 + 9*p**2. Let z(b) = q*t(b) + 7*w(b). Calculate z(s).
-5
Let c(v) = v**3 - 5*v**2 + 3*v + 3. Let x(d) = d**2 - 18*d + 48. Let l be x(15). Determine c(l).
-6
Let q(p) be the second derivative of p**4/12 - 2*p**3/3 - 7*p**2/2 - 13*p. Determine q(6).
5
Let b(v) = v**3 + 4*v**2 + 4*v + 2. Let l be 8/(-12) + 34/6. Suppose -2*p + 2 + 0 = 0, -l*c - 6 = 4*p. Give b(c).
2
Let o(x) = -x**3 - 5*x**2 - 2*x + 3. Suppose -7*s + 4*s - 15 = 0. Determine o(s).
13
Let c(x) = -4*x**2 - x**3 + 9*x + 11*x + 2*x**2 - 18*x - 3. Calculate c(-3).
0
Let v(m) = -m**3 + 3*m**2 - 2*m - 1. Suppose 3*g = 2 + 1. Let t(p) = 3*p**3 - p + 1. Let z be t(g). Determine v(z).
-7
Let r(n) = -2*n + 3 - 4 + 0. Determine r(1).
-3
Let v(p) = -6*p**2 + 2*p + 1. Suppose 3*i + 8 = -i. Suppose -d + k - 7 = 5*k, -k = -d + 3. Let c = i + d. Calculate v(c).
-7
Let v(p) = -5*p**2 + p - 2. Let q be v(1). Let y(n) = n**2 + 6*n - 4. Calculate y(q).
-4
Let p(w) be the third derivative of w**5/60 + w**4/6 - w**3/2 - w**2. Suppose -c = -5*c - 12. Calculate p(c).
-6
Let w be 11 + -3 + -1 + 2. Let a = w + -13. Let m(h) = -h**2 - 2*h + 3. Give m(a).
-5
Let i(z) be the third derivative of -z**6/120 - z**5/10 - z**4/12 - z**3/2 + 19*z**2. Give i(-6).
9
Let a(r) = 2*r**3 - 15*r**2 - 10*r + 13. Let q be a(8). Let w(u) = -u + 2*u - 2 + 0. What is w(q)?
-5
Let w be 24/56 - (-31)/(-7). Let b = 14 - 9. Let k(h) = -b*h + h**2 + h**3 + 2*h**2 + 0*h - 1. What is k(w)?
3
Let z = 2 - 3. Let s(b) = b**3 - 2*b - 1. Let l be s(z). Let y(n) = -9 - n + 2*n + 1 + l*n. Calculate y(6).
-2
Let d be (-4)/18 - (-76)/18. Let p = 7 - d. Let z(x) = -8*x**3 + 9*x**3 - 18*x**2 - 1 + 14*x**2. What is z(p)?
-10
Let c be -2 - (2 + -3 - 56). Let t = c + -38. Suppose -t = -3*m - a, -m - 2*a + a = -7. Let y(q) = -q**2 + 4*q + 7. What is y(m)?
2
Let i(s) = s - 3. Let t(c) = -2*c**2 - 6*c - c - 2*c**2 + 5*c**2. Let l be t(7). Determine i(l).
-3
Let u(m) = m**3 - 6*m**2 + 7*m - 4. Suppose 2*l = -5*d + 4 + 6, -l = -3*d - 5. Calculate u(l).
6
Suppose -2*d = -d + 5*n, 0 = -2*n + 2. Let j(p) = -2*p. Let c(k) = 8*k + 4 - 4*k - 3. Let b(v) = d*j(v) - 2*c(v). Calculate b(-3).
-8
Let o(n) = n + 2. Suppose 5*w - 18 = 12. Suppose 20 - 8 = -w*p. Calculate o(p).
0
Let f = 7 - 5. Suppose t + f*t = 6. Let x(c) = 4 + 3*c**2 - 3 - 2*c**t. Determine x(2).
5
Suppose -3*s + 3 = -2*d, -2*s + 3 = -5*d - 21. Let r(y) = 7*y**3 + 4. Let c(b) = -13*b**3 - b**2 - 7. Let x(l) = 6*c(l) + 11*r(l). Determine x(d).
2
Suppose -2 = 2*g + 2*p, -3*g = -4*p + 8 - 5. Let w(r) be the third derivative of r**5/10 - r**4/24 - r**3/6 + r**2. Calculate w(g).
6
Let a(i) = 3*i - i - i - 3*i + 1. Calculate a(-4).
9
Let d be 2/5 - (-33)/5. Let q(r) = -6*r + 0 + 0 + 1 + r**2 - d. Calculate q(7).
1
Let v be